
9
What is the hundred thousands digit of 2423701?
4
What is the thousands digit of 769953846?
3
What is the hundreds digit of 55287279?
2
What is the ten thousands digit of 1919486096?
8
What is the hundreds digit of 56689627?
6
What is the thousands digit of 250555292?
5
What is the hundreds digit of 123237818?
8
What is the hundred thousands digit of 23857988?
8
What is the hundred millions digit of 2751535569?
7
What is the ten millions digit of 426101180?
2
What is the hundreds digit of 1490002169?
1
What is the tens digit of 60842464?
6
What is the millions digit of 171008956?
1
What is the hundreds digit of 4307556?
5
What is the tens digit of 108521405?
0
What is the hundreds digit of 23847947?
9
What is the units digit of 231249125?
5
What is the millions digit of 75126398?
5
What is the units digit of 34867996?
6
What is the ten thousands digit of 49210037?
1
What is the thousands digit of 167626661?
6
What is the ten millions digit of 65191372?
6
What is the billions digit of 4087220019?
4
What is the ten thousands digit of 1874653054?
5
What is the tens digit of 18004470?
7
What is the ten thousands digit of 488135820?
3
What is the hundred millions digit of 354696982?
3
What is the ten thousands digit of 74677653?
7
What is the hundred millions digit of 1053800789?
0
What is the hundred millions digit of 1175641987?
1
What is the ten millions digit of 2732538312?
3
What is the thousands digit of 5216995367?
5
What is the units digit of 556421713?
3
What is the billions digit of 5297478628?
5
What is the tens digit of 128464171?
7
What is the hundred thousands digit of 3640323535?
3
What is the ten thousands digit of 17264483?
6
What is the thousands digit of 3267293850?
3
What is the ten thousands digit of 566802549?
0
What is the millions digit of 458352686?
8
What is the ten thousands digit of 73113882?
1
What is the hundred thousands digit of 432804299?
8
What is the millions digit of 166713042?
6
What is the units digit of 59246203?
3
What is the thousands digit of 556166203?
6
What is the ten millions digit of 1014672799?
1
What is the ten thousands digit of 864724695?
2
What is the ten millions digit of 3873030115?
7
What is the thousands digit of 246308738?
8
What is the millions digit of 28851502?
8
What is the units digit of 68549049?
9
What is the units digit of 1000011964?
4
What is the units digit of 4142786?
6
What is the tens digit of 36442625?
2
What is the hundred thousands digit of 26524119?
5
What is the thousands digit of 242115738?
5
What is the hundred thousands digit of 80831254?
8
What is the units digit of 136818186?
6
What is the thousands digit of 60889533?
9
What is the tens digit of 62571284?
8
What is the hundred thousands digit of 972257953?
2
What is the millions digit of 490272234?
0
What is the millions digit of 17731384?
7
What is the tens digit of 2298418?
1
What is the hundred millions digit of 1277359930?
2
What is the hundreds digit of 1830244886?
8
What is the millions digit of 45734631?
5
What is the ten thousands digit of 1631402113?
0
What is the tens digit of 981882162?
6
What is the thousands digit of 1286341536?
1
What is the thousands digit of 635353773?
3
What is the tens digit of 53255709?
0
What is the ten millions digit of 52718882?
5
What is the units digit of 35273707?
7
What is the hundred thousands digit of 1233032237?
0
What is the hundred millions digit of 2061799460?
0
What is the hundred thousands digit of 1727597227?
5
What is the hundred thousands digit of 298916745?
9
What is the millions digit of 36711493?
6
What is the hundreds digit of 102984866?
8
What is the thousands digit of 598583344?
3
What is the billions digit of 1568233576?
1
What is the ten millions digit of 1271277627?
7
What is the units digit of 93824544?
4
What is the units digit of 28034881?
1
What is the tens digit of 7577960?
6
What is the hundred millions digit of 1733155462?
7
What is the hundreds digit of 1648462346?
3
What is the hundred millions digit of 3196454135?
1
What is the units digit of 47784341?
1
What is the tens digit of 70551707?
0
What is the millions digit of 262180291?
2
What is the thousands digit of 317925866?
5
What is the hundred thousands digit of 76704468?
7
What is the tens digit of 6541271?
7
What is the ten thousands digit of 1279623729?
2
What is the hundreds digit of 211875667?
6
What is the tens digit of 9131157845?
4
What is the hundred millions digit of 428037103?
4
What is the tens digit of 55654516?
1
What is the tens digit of 245446612?
1
What is the billions digit of 1312238509?
1
What is the hundred thousands digit of 218186099?
1
What is the units digit of 100499666?
6
What is the units digit of 313713608?
8
What is the hundreds digit of 825357562?
5
What is the ten thousands digit of 53023221?
2
What is the units digit of 78964388?
8
What is the hundreds digit of 15136996?
9
What is the hundred millions digit of 1901756809?
9
What is the hundreds digit of 715189504?
5
What is the ten thousands digit of 6084634395?
3
What is the hundred millions digit of 3412950489?
4
What is the ten thousands digit of 4720241726?
4
What is the tens digit of 311231419?
1
What is the hundred millions digit of 326546249?
3
What is the millions digit of 54392359?
4
What is the units digit of 34951952?
2
What is the ten millions digit of 371831084?
7
What is the hundred millions digit of 133078276?
1
What is the ten thousands digit of 266293731?
9
What is the units digit of 598334480?
0
What is the hundred millions digit of 431967586?
4
What is the tens digit of 751424223?
2
What is the thousands digit of 3313061213?
1
What is the hundreds digit of 13976841?
8
What is the ten thousands digit of 1043333251?
3
What is the tens digit of 132067330?
3
What is the units digit of 182582944?
4
What is the ten thousands digit of 143477085?
7
What is the hundred millions digit of 138866800?
1
What is the tens digit of 16330916?
1
What is the tens digit of 318916335?
3
What is the ten millions digit of 587833542?
8
What is the thousands digit of 2176450924?
0
What is the billions digit of 1623579414?
1
What is the thousands digit of 68571245?
1
What is the ten millions digit of 494051666?
9
What is the hundred millions digit of 379992882?
3
What is the ten millions digit of 2995717812?
9
What is the thousands digit of 362350218?
0
What is the thousands digit of 37417456?
7
What is the hundred thousands digit of 13305387?
3
What is the thousands digit of 2393691?
3
What is the billions digit of 9080820521?
9
What is the ten thousands digit of 2109051886?
5
What is the hundreds digit of 1577065052?
0
What is the tens digit of 6525898?
9
What is the tens digit of 791335581?
8
What is the millions digit of 25622052?
5
What is the hundred millions digit of 1906207574?
9
What is the ten millions digit of 5077448644?
7
What is the units digit of 181340614?
4
What is the hundred thousands digit of 271742091?
7
What is the hundred thousands digit of 52738990?
7
What is the millions digit of 4722181961?
2
What is the units digit of 175209770?
0
What is the units digit of 41030506?
6
What is the thousands digit of 857439473?
9
What is the thousands digit of 589759243?
9
What is the ten millions digit of 1762210339?
6
What is the hundreds digit of 65599118?
1
What is the hundreds digit of 487019481?
4
What is the thousands digit of 141170868?
0
What is the thousands digit of 461924671?
4
What is the hundreds digit of 670082203?
2
What is the tens digit of 5144634976?
7
What is the units digit of 1086879993?
3
What is the thousands digit of 26338913?
8
What is the thousands digit of 69831444?
1
What is the hundred millions digit of 1129379714?
1
What is the ten millions digit of 38767034?
3
What is the hundred thousands digit of 1400090697?
0
What is the hundreds digit of 7741934?
9
What is the units digit of 36737920?
0
What is the ten millions digit of 565714099?
6
What is the millions digit of 361896549?
1
What is the hundred millions digit of 1132514356?
1
What is the units digit of 70013695?
5
What is the hundred millions digit of 154456242?
1
What is the ten millions digit of 97656742?
9
What is the millions digit of 115456018?
5
What is the hundred thousands digit of 2061421516?
4
What is the h